hat is -30 + 23?
-1
In base 3, what is 11 + 1210?
1221
In base 3, what is 11 + 10021?
10102
In base 14, what is -3ba - 4?
-3c0
In base 9, what is -1 + 46?
45
In base 16, what is 9 + -9d9?
-9d0
In base 9, what is -44 - -8?
-35
In base 8, what is 172 + 22?
214
In base 10, what is 176 + 16?
192
In base 6, what is 2 - 232?
-230
In base 11, what is 941 - -4?
945
In base 12, what is -a - 311?
-31b
In base 5, what is -2 + -13?
-20
In base 15, what is 56 + -8b?
-35
In base 15, what is -5dc + -2?
-5de
In base 10, what is 1133 + -15?
1118
In base 6, what is -205 - -143?
-22
In base 10, what is 0 - 147?
-147
In base 2, what is 100 - -111011?
111111
In base 4, what is 0 - -120011?
120011
In base 16, what is 2 + 5?
7
In base 2, what is 1000011 - 101001?
11010
In base 12, what is 5 - 989?
-984
In base 5, what is -1 - 120213?
-120214
In base 10, what is -4 + -1025?
-1029
In base 5, what is -4 + 3222?
3213
In base 3, what is 11 + 200?
211
In base 15, what is -5 + 58a?
585
In base 4, what is -1010223 + -10?
-1010233
In base 9, what is 2 + 82?
84
In base 14, what is -39 - c?
-47
In base 14, what is 4 + -61?
-5b
In base 8, what is 12164 + 3?
12167
In base 4, what is 11202 - 20?
11122
In base 4, what is -10 - -130322?
130312
In base 12, what is 5 - -7?
10
In base 2, what is 1111100100 + -10010?
1111010010
In base 15, what is 829 - 2?
827
In base 13, what is -a + -1067?
-1074
In base 11, what is 8 + 13?
20
In base 15, what is -4e - 8?
-57
In base 3, what is 1 - -11121?
11122
In base 10, what is -4022 - 2?
-4024
In base 2, what is 10 + -1101?
-1011
In base 11, what is -a - -a?
0
In base 15, what is a7 + 1?
a8
In base 16, what is -1d - -12?
-b
In base 12, what is -3 + 70?
69
In base 14, what is -1 - -3bd?
3bc
In base 5, what is -4 + -1430?
-1434
In base 3, what is 0 - 110210?
-110210
In base 4, what is -2 - 33?
-101
In base 8, what is -13 + -112?
-125
In base 2, what is -1110010 + -1?
-1110011
In base 9, what is 1384 + 1?
1385
In base 8, what is -5 - -735?
730
In base 4, what is -101 + 3002?
2301
In base 3, what is 11 + 200?
211
In base 13, what is -2 + 2c0?
2bb
In base 12, what is 271 - -3?
274
In base 5, what is 3 - -2144?
2202
In base 13, what is 5 - -a8?
b0
In base 6, what is 1 + -125?
-124
In base 10, what is -2 - -15?
13
In base 9, what is 1 + 25?
26
In base 12, what is 3459 - 0?
3459
In base 5, what is -2 - 444?
-1001
In base 12, what is -19 + -1?
-1a
In base 2, what is 101 + -111101001101?
-111101001000
In base 15, what is -19 + 3?
-16
In base 7, what is 110 + 5?
115
In base 12, what is -3 - 52b?
-532
In base 5, what is 323 - -10?
333
In base 16, what is 0 + 40?
40
In base 2, what is -10010000011 - -10?
-10010000001
In base 15, what is -13 - 214?
-227
In base 8, what is 0 + -5?
-5
In base 11, what is 32a - -1?
330
In base 2, what is 10 - 10110011?
-10110001
In base 16, what is 110 - 26?
ea
In base 9, what is 4875 + 6?
4882
In base 6, what is 12 + 241?
253
In base 13, what is 4 + 3a?
41
In base 15, what is -475 - -4?
-471
In base 10, what is 16 + -35?
-19
In base 2, what is -1010111010000 + 10?
-1010111001110
In base 11, what is -175 - 16?
-190
In base 13, what is -85 + 4c?
-36
In base 4, what is -3 + -1320?
-1323
In base 15, what is 57d + 1?
57e
In base 3, what is -110001 + -12?
-110020
In base 6, what is 4444 - -4?
4452
In base 3, what is 120101110 - -11?
120101121
In base 6, what is -5344 + -4?
-5352
In base 15, what is -19d - d?
-1ab
In base 6, what is -1102 - 5?
-1111
In base 4, what is -23 - 100?
-123
In base 8, what is 6 + -72?
-64
In base 2, what is 11001011 + -1000?
11000011
In base 11, what is -1187 - -2?
-1185
In base 4, what is 2 + -100003?
-100001
In base 16, what is e + b?
19
In base 4, what is -22300 + 31?
-22203
In base 2, what is -1111 + 1110011100?
1110001101
In base 6, what is 10 - -213?
223
In base 14, what is -c6a - -c?
-c5c
In base 5, what is 23 - 14?
4
In base 9, what is 664 - -1?
665
In base 5, what is 12 + -10?
2
In base 9, what is -10 - 2738?
-2748
In base 13, what is 50 + -4?
49
In base 3, what is 10 + -1001?
-221
In base 16, what is -27 + -1?
-28
In base 12, what is 13 - -13?
26
In base 4, what is -301 + -22?
-323
In base 6, what is -10403 + -5?
-10412
In base 2, what is 10 + -111000?
-110110
In base 8, what is 55727 - -2?
55731
In base 11, what is -1 - -49?
48
In base 11, what is 73 - 3?
70
In base 16, what is f6 - -5?
fb
In base 3, what is -100 + 11?
-12
In base 11, what is -4 + -7a1?
-7a5
In base 4, what is -1333321 - -10?
-1333311
In base 16, what is 26b + 0?
26b
In base 11, what is -19 - a0?
-109
In base 2, what is 11 - -11000001?
11000100
In base 7, what is 5 - -1613?
1621
In base 7, what is 515 - 10?
505
In base 3, what is -2 - -10000000?
2222221
In base 10, what is 54 - -2?
56
In base 16, what is -3 + 79?
76
In base 15, what is -e - 1b?
-2a
In base 12, what is 5 - -1915?
191a
In base 13, what is 2 - 16b2?
-16b0
In base 16, what is 4 - 15?
-11
In base 7, what is -3 + -433?
-436
In base 13, what is -11 + -2?
-13
In base 2, what is 1011101 - -1?
1011110
In base 9, what is 0 + -747?
-747
In base 9, what is 1 + 87?
88
In base 5, what is -24 + -3143?
-3222
In base 9, what is 724 - 0?
724
In base 15, what is c793 - 0?
c793
In base 10, what is -4 - -132?
128
In base 3, what is 1022 + -1?
1021
In base 3, what is 221012 + 2?
221021
In base 2, what is -100011 + 110101?
10010
In base 8, what is 5 - -3071?
3076
In base 12, what is -25b - 3?
-262
In base 11, what is 478 - -3?
480
In base 5, what is -123 + -203?
-331
In base 8, what is 16742 - -3?
16745
In base 8, what is 40 - -2?
42
In base 3, what is -1 + 200?
122
In base 3, what is 1 - -1020?
1021
In base 4, what is -2031311 + 10?
-2031301
In base 9, what is -1 - 4?
-5
In base 7, what is -5 + -12522?
-12530
In base 7, what is -6212 - -2?
-6210
In base 2, what is 1011010001 - 100001?
1010110000
In base 10, what is 43 + -143?
-100
In base 16, what is 2 + 150?
152
In base 12, what is -405 + 2?
-403
In base 14, what is -6 + 5a?
54
In base 15, what is -32 - -e?
-23
In base 7, what is 1 - 6524?
-6523
In base 2, what is -110010111001 - -100?
-110010110101
In base 16, what is 5 - 177?
-172
In base 10, what is 65 - -11?
76
In base 14, what is -4 + 16?
12
In base 10, what is -25 - 33?
-58
In base 7, what is 3402 + -1?
3401
In base 15, what is 6c + -31?
3b
In base 5, what is -3 - -133?
130
In base 8, what is -10 + -4?
-14
In base 2, what is -10 + 10011110?
10011100
In base 7, what is 3 + -14341?
-14335
In base 10, what is 2369 + 4?
2373
In base 15, what is -5 - 203?
-208
In base 8, what is -756 - -4?
-752
In base 10, what is 4 - 85?
-81
In base 6, what is 1000 + 254?
1254
In base 4, what is -2222 + -2?
-2230
In base 15, what is 1 - 3c7?
-3c6
In base 3, what is -111 + -10101?
-10212
In base 7, what is 1622 + 1?
1623
In base 3, what is 121221100 + -12?
121221011
In base 9, what is 44 - 2?
42
In base 16, what is -44b + 1?
-44a
In base 6, what is 2 + 414?
420
In base 9, what is -4 - -84?
80
In base 12, what is -4 - 145?
-149
In base 2, what is 1010110001011 + 101?
1010110010000
In base 4, what is -2 - -211033?
211031
In base 10, what is 1 + 267?
268
In base 4, what is 22 + 313?
1001
In base 10, what is 267 + 3?
270
In base 3, what is -10 - 21000?
-21010
In base 10, what is 7 - -4?
11
In base 6, what is 3 + 231?
234
In base 12, what is -1 + 1311?
1310
In base 10, what is -86 - 12?
-98
In base 6, what is 5 - 33?
-24
In base 7, what is -1526 - 5?
-1534
In base 12, what is 1 + -9b6?
-9b5
In base 3, what is 12 - 10011?
-2222
In base 14, what is -1 - 7d?
-80
In base 9, what is 4 - -30?
34
In base 5, what is 2413 + 10?
2423
In base 15, what is -73 - 5?
-78
In base 9, what is -3 + -2831?
-2834
In base 9, what is 11 + 8?
20
In base 7, what is -5 + 2036?
2031
In base 5, what is 42 - -32?
124
In base 15, what is 24 - -339?
35d
In base 7, what is 5 - 410?
-402
In base 12, what is 16 + -6?
10
In base 12, what is -4 + -50?
-54
In base 9, what is 28 - -341?
370
In base 12, what is 264 + -25?
23b
In base 3, what is 0 - -2120010?
2120010
In base 9, what is 6 - -2164?
2171
In base 16, what is -36a + -2?
-36c
In base 11, what is -5 + -687?
-691
In base 11, what is 8 + -2a9?
-2a1
In base 6, what is -55 - -51?
-4
In base 14, what is 0 + 26c?
26c
In base 10, what is -1280 + -5?
-1285
In base 5, what is 4 - -1242?
130